7755*z + 3480825. Calculate a(13).
10
Let q(c) = -c**3 + 41*c**2 + 1146*c + 430. What is q(-19)?
316
Let p(u) = -340*u - 14468. Calculate p(-44).
492
Let k(a) = -1239*a - 63206. What is k(-51)?
-17
Let f(t) = 31*t**2 + 2013*t + 230. Calculate f(-64).
-1626
Let s(f) = -2*f**2 + 1816*f + 366526. What is s(1078)?
6
Let l(o) = -o**2 - 1502*o + 37. What is l(0)?
37
Let o(z) = 3*z**2 - 412*z + 8624. What is o(27)?
-313
Let p(f) = -f**2 + 1354*f - 450647. Calculate p(585).
-782
Let z(k) = 43*k**2 + 1301*k - 2612. Give z(2).
162
Let b(j) = 2*j**3 + 11*j**2 - 137880*j - 1377901. Give b(-10).
-1
Let u(x) = 403*x + 1163. Calculate u(-3).
-46
Let r(y) = y**3 + 161*y**2 + 1787*y - 257. Determine r(-149).
-108
Let z(j) = -5*j**3 + 143*j**2 - 337*j - 14. Calculate z(26).
12
Let w(y) = 4643*y**2 + 46431*y + 24. Determine w(-10).
14
Let i(w) = -3*w**2 + 1406*w + 126675. Give i(546).
3
Let d(m) = -554487*m - 12753194. Determine d(-23).
7
Let x(v) = 539*v - 36439. Give x(67).
-326
Let l(r) = -4042*r - 679. Determine l(1).
-4721
Let f(l) = 1109*l - 272840. Calculate f(246).
-26
Let s(d) = -3*d**2 + 492*d - 6808. Determine s(140).
3272
Let b(h) = 2113*h - 44036. Calculate b(21).
337
Let l(r) = 5*r**2 - 177*r - 242. Calculate l(37).
54
Let o(p) = -3*p**3 - 50*p**2 - 97*p + 216. What is o(-14)?
6
Let k(h) = 123*h**2 + 492*h + 986. Give k(-2).
494
Let p(z) = -z**3 + 557*z**2 - 12297*z + 341. Give p(23).
-4
Let c(o) = 6*o**2 + 364*o + 1945. What is c(-6)?
-23
Let l(k) = -k**2 - 20954*k - 3120598. Calculate l(-150).
2
Let g(l) = -13291*l + 212654. Calculate g(16).
-2
Let n(w) = -24*w**2 + 710*w + 4579. Determine n(35).
29
Let f(p) = p**3 - 688*p**2 - 4678*p - 129960. Determine f(695).
5
Let o(y) = 57331*y - 230424. What is o(4)?
-1100
Let a(n) = 2*n**2 - 130*n + 10. Determine a(5).
-590
Let c(n) = 3*n**2 - 103791*n - 311398. Calculate c(-3).
2
Let j(m) = 294*m - 554. What is j(4)?
622
Let h(c) = -18929*c + 3407224. Calculate h(180).
4
Let g(v) = -10333*v + 1611943. Give g(156).
-5
Let o(r) = r**3 - 82*r**2 - 1997*r - 1476. What is o(-19)?
6
Let a(g) = 268*g + 6996. What is a(-26)?
28
Let l(s) = -54*s**2 - 3153*s - 1225. Give l(-58).
-7
Let r(a) = 6150*a + 313659. Calculate r(-51).
9
Let t(w) = -524*w**2 + 3659*w + 84. What is t(7)?
21
Let h(d) = 2*d**3 - 5*d**2 + 457520*d - 2287718. Calculate h(5).
7
Let c(w) = -97*w - 1040. Give c(-8).
-264
Let v(u) = 22*u**2 + 71*u - 505. Calculate v(-11).
1376
Let b(s) = 2*s**3 + 200*s**2 + 2381*s + 154813. Calculate b(-96).
-35
Let d(r) = 405*r**2 - 343037*r + 1684. What is d(847)?
-10
Let j(p) = -38592*p - 77176. Calculate j(-2).
8
Let a(y) = -35832*y + 2974064. Give a(83).
8
Let m(s) = -s**3 + 35*s**2 - 108*s + 13. Give m(12).
2029
Let c(u) = -108425*u + 1084244. Determine c(10).
-6
Let j(x) = 43*x**2 + 1861*x - 1908. Determine j(1).
-4
Let a(l) = -l**2 + 73*l - 1036. Determine a(24).
140
Let b(d) = 1388*d + 4159. Give b(-3).
-5
Let l(t) = -8*t**2 - 554*t - 839. Give l(-68).
-159
Let d(o) = o**3 + 192*o**2 + 371*o - 2032. Calculate d(-190).
-322
Let t(p) = 2*p**3 - 71*p**2 + 229*p - 63. Give t(3).
39
Let j(b) = -1872*b - 110393. Calculate j(-59).
55
Let m(v) = v**2 + 1281*v + 15158. What is m(-12)?
-70
Let k(q) = -223*q + 926. What is k(8)?
-858
Let u(q) = 4827*q - 410533. What is u(85)?
-238
Let r(a) = -1238*a + 54467. Calculate r(44).
-5
Let i(r) = 326*r - 6142. What is i(12)?
-2230
Let i(d) = -3*d**3 - 363*d**2 - 10967*d + 435. Give i(-62).
1
Let v(s) = 13*s**2 - 621*s + 901. What is v(49)?
1685
Let m(k) = -2*k**2 - 22303*k - 556364. Give m(-25).
-39
Let f(o) = 1962*o - 86163. Determine f(44).
165
Let y(l) = 365*l - 362. Calculate y(1).
3
Let r(q) = -162*q + 8129. Give r(51).
-133
Let k(p) = p**3 - 69*p**2 + 293*p + 1755. Determine k(64).
27
Let m(y) = 504*y + 14621. Determine m(-28).
509
Let f(m) = -46616*m - 5827066. What is f(-125)?
-66
Let b(t) = 1192*t + 240765. Calculate b(-202).
-19
Let h(n) = -177*n + 6111. Determine h(48).
-2385
Let b(l) = -l**3 - 32*l**2 + 1804*l + 1678. Give b(30).
-2
Let v(q) = q**2 - 1359*q + 42412. What is v(32)?
-52
Let y(d) = 4*d**3 + 245*d**2 - 199*d - 125. Give y(-62).
681
Let b(p) = -3*p**3 - 104*p**2 - 409*p + 220. Calculate b(-30).
-110
Let h(f) = 4*f**3 + 17*f**2 + 7344*f + 14637. Determine h(-2).
-15
Let n(k) = -k**3 - 603*k**2 + 1136*k - 44785. Determine n(-605).
-15
Let f(s) = s**3 - 103*s**2 + 573*s + 1064. Calculate f(97).
191
Let y(k) = 4*k**2 - 2851*k - 247544. What is y(791)?
39
Let f(x) = -276*x - 31987. Determine f(-116).
29
Let f(s) = 2*s**3 - 285*s**2 + 135*s + 1270. Calculate f(142).
276
Let m(t) = -7*t**3 - 41*t**2 - 325*t - 792. What is m(-3)?
3
Let a(g) = -2*g**2 - 1191*g - 125351. What is a(-459)?
-44
Let x(j) = 3*j**2 + 779*j + 24165. Calculate x(-36).
9
Let s(h) = -14881*h - 654763. Determine s(-44).
1
Let x(w) = w**3 - 125*w**2 - 168. What is x(125)?
-168
Let s(k) = 21*k**2 + 80*k - 18. Determine s(-8).
686
Let r(t) = -4*t**3 - 33*t**2 - 323*t - 2602. Calculate r(-8).
-82
Let w(q) = -113*q + 9880. Calculate w(83).
501
Let d(b) = b**3 - 17*b**2 + 2*b + 145. What is d(17)?
179
Let o(y) = -11*y**2 - 3989*y + 13619. Calculate o(-366).
77
Let a(m) = m**3 + 4*m**2 + 217*m - 26. Determine a(0).
-26
Let s(k) = -2*k**3 + 672*k**2 - 675*k + 1692. Calculate s(335).
17
Let z(r) = 11757*r + 552705. Give z(-47).
126
Let m(s) = s**3 - 66*s**2 - 296*s + 736. Determine m(70).
-384
Let y(g) = 160*g - 6500. Give y(37).
-580
Let g(i) = -10058*i + 40214. What is g(4)?
-18
Let y(b) = 117*b**2 + 40*b + 222. Determine y(5).
3347
Let p(b) = 579*b**2 - 119256*b - 3701. Calculate p(206).
7
Let a(g) = 464*g - 50262. Give a(108).
-150
Let f(k) = 17*k**2 + 931*k - 16702. Calculate f(-69).
-4
Let j(v) = -v**3 - 188*v**2 - 7950*v - 1599. Determine j(-124).
137
Let k(f) = -f**3 - 243*f**2 - 5452*f - 448. Determine k(-218).
-12
Let u(v) = -181358*v - 3627166. Give u(-20).
-6
Let u(l) = l**2 - 30871*l - 44. Determine u(0).
-44
Let y(c) = -2228*c + 434391. What is y(195)?
-69
Let q(v) = 15*v**3 - 1260*v**2 + 52*v - 4341. Calculate q(84).
27
Let j(r) = -147103*r - 1912348. Determine j(-13).
-9
Let g(j) = 3992*j - 91824. What is g(23)?
-8
Let s(y) = 54*y**3 - 5*y**2 + 1546*y - 1544. What is s(1)?
51
Let q(g) = 2*g**3 + 16*g**2 + 62*g - 48. Determine q(-11).
-1456
Let j(m) = m**2 + 422*m - 54560. Determine j(107).
2043
Let i(d) = 1368808*d + 8212843. Determine i(-6).
-5
Let q(r) = 5*r**2 + 1203*r + 57396. Calculate q(-175).
-4
Let l(f) = -1399*f - 83944. Calculate l(-60).
-4
Let u(y) = -35583*y - 498216. What is u(-14)?
-54
Let z(c) = 6*c**2 - 1465*c + 45988. Give z(37).
-3
Let t(m) = -271*m**3 - 506*m**2 - 8*m - 9. Give t(-2).
151
Let w(t) = -81*t**2 - 158*t + 3. Determine w(0).
3
Let x(g) = 2*g**2 + 186*g - 12050. What is x(44)?
6
Let f(k) = -261*k**2 + 1500*k + 425. Determine f(6).
29
Let u(q) = 242890*q - 242891. What is u(1)?
-1
Let s(r) = -2742*r - 14532. Give s(-8).
7404
Let q(v) = -75*v**3 - 7046*v**2 + 303*v - 6845. Determine q(-94).
17
Let h(t) = 226*t + 2771. What is h(-12)?
59
Let z(p) = -8427*p - 50574. What is z(-6)?
-12
Let c(p) = -414*p**3 - 10763*p**2 + 55*p + 745. Give c(-26).
-9
Let r(p) = 3*p**3 - 499*p**2 + 2592*p - 2601. Determine r(161).
-25
Let s(d) = d**3 + 27*d**2 + 163*d + 853. Determine s(-22).
-313
Let r(a) = -10*a**2 - 103*a - 160. Calculate r(-11).
-237
Let o(a) = 420833*a + 3787460. Calculate o(-9).
-37
Let k(l) = 17183*l + 635786. Give k(-37).
15
Let a(y) = -y**2 + 27*y - 852. What is a(25)?
-802
Let d(p) = 2*p**3 - 1210*p**2 + 4857*p - 29444. Give d(601).
5
Let j(m) = 285*m - 35819. Calculate j(130).
1231
Let w(b) = -401*b + 43141. What is w(109)?
-568
Let t(h) = -h**2 - 199*h - 8850. What is t(-76)?
498
Let a(k) = k**2 + 16900*k - 1153847. Determine a(68).
-23
Let d(h) = 2*h**2 + 1325*h + 171223. Calculate d(-176).
-25
Let v(m) = -4*m**2 - 729*m - 21519. What is v(-37)?
-22
Let u(d) = -d**3 - 103*d**2 - 2613*d + 550. Determine u(-56).
-514
Let i(n) = -n**2 + 13279*n + 79712. Determine i(-6).
2
Let m(f) = -10*f**3 - 1891*f**2 - 188*f + 299. Give m(-189).
110
Let f(i) = -1412*i - 77680. Determine f(-57).
2804
Let p(u) = -2*u**3 - 90*u**2 - 330*u - 147. Calculate p(-41).
-65
Let t(n) = -n**2 + 1632*n - 92852. Calculate t(59).
-45
Let f(g) = -324174*g - 11670194. Give f(-